ommon divisor of 10809 and 333.
9
What is the greatest common divisor of 73002 and 13?
1
What is the greatest common factor of 20 and 1641880?
20
What is the greatest common factor of 97034 and 14210?
406
What is the highest common factor of 48 and 1016864?
16
Calculate the highest common factor of 21 and 77721.
21
Calculate the highest common divisor of 1044 and 50228.
116
Calculate the highest common divisor of 168 and 2248.
8
What is the highest common divisor of 5146 and 65782?
62
What is the greatest common divisor of 14 and 191450?
14
What is the highest common factor of 700080 and 75?
15
What is the highest common divisor of 1755986 and 202?
202
What is the highest common divisor of 312605 and 2060?
515
What is the highest common factor of 120 and 932?
4
Calculate the highest common divisor of 90 and 52860.
30
What is the highest common factor of 95 and 31355?
5
Calculate the greatest common factor of 88 and 13783.
11
Calculate the greatest common divisor of 56720 and 1840.
80
What is the greatest common factor of 2 and 131?
1
Calculate the greatest common factor of 140 and 107940.
140
What is the highest common factor of 7202 and 62602?
554
What is the greatest common factor of 18 and 268056?
18
What is the greatest common factor of 430078 and 55?
11
What is the highest common divisor of 63 and 38241?
63
What is the greatest common divisor of 43 and 2563144?
43
What is the greatest common divisor of 8589 and 3171?
21
What is the greatest common factor of 972 and 471?
3
Calculate the greatest common divisor of 2550 and 2150.
50
What is the greatest common divisor of 101895 and 90?
15
What is the highest common factor of 208 and 80756?
52
Calculate the greatest common divisor of 28107 and 5832.
81
Calculate the greatest common factor of 56 and 65674.
14
What is the greatest common divisor of 2061 and 1001417?
229
Calculate the highest common factor of 2721177 and 1583.
1583
Calculate the highest common factor of 681 and 62198.
227
Calculate the highest common factor of 696 and 1112.
8
Calculate the greatest common divisor of 520 and 7904.
104
What is the greatest common factor of 1269 and 2057472?
423
What is the highest common divisor of 132 and 9592?
44
Calculate the greatest common factor of 32782 and 333.
37
What is the greatest common divisor of 1731475 and 25?
25
Calculate the highest common factor of 194 and 592864.
194
Calculate the highest common factor of 381 and 177.
3
What is the highest common divisor of 288 and 44568?
72
Calculate the highest common factor of 4678003 and 22.
11
What is the highest common divisor of 26285 and 175?
35
Calculate the greatest common divisor of 756 and 476.
28
Calculate the greatest common factor of 4606 and 752.
94
What is the greatest common factor of 860076 and 3?
3
What is the highest common factor of 173 and 890?
1
What is the greatest common divisor of 620622 and 198?
18
What is the greatest common factor of 336 and 1394652?
84
Calculate the highest common divisor of 353331 and 1494.
747
Calculate the greatest common factor of 18128 and 8343.
103
Calculate the greatest common divisor of 395 and 237.
79
What is the highest common factor of 609 and 157992?
87
What is the greatest common divisor of 52360 and 1054?
34
What is the greatest common factor of 550 and 54835?
55
Calculate the greatest common divisor of 1062 and 1521.
9
What is the greatest common divisor of 2652 and 9384?
204
What is the greatest common factor of 4000 and 9888?
32
Calculate the highest common divisor of 2644206 and 73.
73
What is the highest common divisor of 165 and 2055?
15
What is the highest common factor of 4800 and 375?
75
What is the highest common factor of 113562 and 837?
27
What is the highest common factor of 6213 and 1308?
327
Calculate the greatest common divisor of 8530 and 3500.
10
What is the greatest common factor of 248620 and 4340?
620
Calculate the greatest common divisor of 601616 and 304.
304
Calculate the highest common factor of 1725 and 27531.
69
What is the greatest common factor of 207 and 62307?
207
Calculate the highest common factor of 343774 and 68.
34
Calculate the highest common divisor of 134700 and 6900.
300
Calculate the highest common divisor of 113519 and 14.
7
What is the greatest common factor of 462 and 29568?
462
Calculate the greatest common factor of 2783 and 115.
23
What is the highest common divisor of 1795 and 259916?
359
What is the greatest common divisor of 4 and 11127212?
4
Calculate the greatest common factor of 2497 and 13620.
227
Calculate the highest common divisor of 1938 and 7650.
102
Calculate the greatest common factor of 737 and 1327337.
737
What is the greatest common factor of 24 and 35556?
12
What is the greatest common factor of 442559 and 295?
59
What is the highest common divisor of 958 and 23211382?
958
Calculate the highest common factor of 232 and 160.
8
Calculate the highest common divisor of 288 and 265376.
32
Calculate the greatest common divisor of 98 and 27114.
2
Calculate the greatest common factor of 157900 and 100.
100
What is the highest common divisor of 331448 and 104?
104
What is the highest common divisor of 1924 and 65?
13
Calculate the highest common divisor of 536 and 711272.
536
Calculate the greatest common divisor of 938346 and 860.
86
What is the greatest common divisor of 6 and 113892?
6
Calculate the highest common divisor of 103520 and 50.
10
What is the greatest common divisor of 3960 and 545?
5
Calculate the highest common divisor of 16011 and 2457.
27
Calculate the greatest common divisor of 10531548 and 57.
57
Calculate the greatest common divisor of 31314 and 18.
6
Calculate the highest common divisor of 81 and 3410235.
27
What is the highest common factor of 6649 and 9943?
61
Calculate the greatest common divisor of 258 and 22790.
86
What is the greatest common factor of 1124784 and 6?
6
Calculate the highest common factor of 11 and 120230.
11
What is the highest common divisor of 79765 and 86?
43
Calculate the highest common factor of 124 and 84754.
62
Calculate the greatest common factor of 551 and 13978.
29
Calculate the greatest common factor of 1910 and 50042.
382
What is the greatest common divisor of 1061410 and 5?
5
Calculate the greatest common factor of 264 and 59136.
264
What is the greatest common factor of 46830 and 140?
70
What is the greatest common factor of 344 and 23336?
8
What is the highest common divisor of 163064 and 57443?
1853
Calculate the greatest common divisor of 211978 and 713.
31
Calculate the greatest common factor of 336 and 93342.
6
Calculate the highest common factor of 63136 and 152.
8
What is the highest common factor of 56080 and 20?
20
What is the greatest common divisor of 349640 and 160?
40
What is the greatest common divisor of 293 and 6410254?
293
Calculate the highest common factor of 3162 and 8804.
62
What is the greatest common factor of 46070 and 20596?
542
Calculate the greatest common factor of 11804 and 104.
52
Calculate the greatest common factor of 439166 and 247.
247
What is the highest common factor of 175456 and 96?
32
Calculate the greatest common factor of 4 and 51916.
4
Calculate the greatest common factor of 1870 and 4288845.
935
Calculate the highest common factor of 11 and 415393.
11
Calculate the greatest common divisor of 8528 and 79376.
656
Calculate the highest common divisor of 290980 and 40.
20
Calculate the highest common divisor of 95352 and 116.
116
Calculate the highest common divisor of 962 and 247.
13
Calculate the highest common factor of 5860 and 4776.
4
Calculate the highest common divisor of 120 and 8042340.
60
What is the greatest common factor of 563852 and 73?
73
What is the highest common divisor of 1088 and 694688?
544
What is the greatest common factor of 110 and 38225?
55
What is the highest common factor of 938 and 284884?
134
Calculate the greatest common factor of 4504 and 4184.
8
What is the highest common factor of 99731 and 12673?
551
What is the highest common factor of 95232 and 93?
93
What is the highest common factor of 19171 and 19?
19
Calculate the highest common divisor of 4008 and 263526.
1002
What is the highest common factor of 2707 and 2?
1
What is the highest common divisor of 3 and 95232?
3
What is the highest comm